{"id":237,"date":"2021-12-13T17:09:34","date_gmt":"2021-12-13T17:09:34","guid":{"rendered":"http:\/\/mttfenstertechnik.kinsta.cloud\/?page_id=237"},"modified":"2022-02-16T18:06:56","modified_gmt":"2022-02-16T18:06:56","slug":"ueber-uns","status":"publish","type":"page","link":"https:\/\/mtt-fenstertechnik.at\/?page_id=237","title":{"rendered":"\u00dcber uns"},"content":{"rendered":"<p>[et_pb_section fb_built=&#8220;1&#8243; _builder_version=&#8220;4.9.10&#8243; _module_preset=&#8220;default&#8220; use_background_color_gradient=&#8220;on&#8220; background_color_gradient_start=&#8220;rgba(2,7,10,0.55)&#8220; background_color_gradient_end=&#8220;rgba(2,7,10,0.55)&#8220; background_color_gradient_overlays_image=&#8220;on&#8220; background_image=&#8220;http:\/\/mttfenstertechnik.kinsta.cloud\/wp-content\/uploads\/2021\/12\/2051969_MTT_Masser-6-scaled.jpg&#8220; min_height=&#8220;361px&#8220; bottom_divider_style=&#8220;slant2&#8243; bottom_divider_color=&#8220;RGBA(0,0,0,0)&#8220; global_colors_info=&#8220;{}&#8220;][et_pb_row _builder_version=&#8220;4.9.10&#8243; _module_preset=&#8220;default&#8220; global_colors_info=&#8220;{}&#8220;][et_pb_column type=&#8220;4_4&#8243; _builder_version=&#8220;4.9.10&#8243; _module_preset=&#8220;default&#8220; global_colors_info=&#8220;{}&#8220;][et_pb_text _builder_version=&#8220;4.9.10&#8243; _module_preset=&#8220;default&#8220; header_text_color=&#8220;#FFFFFF&#8220; header_font_size=&#8220;58px&#8220; header_2_font_size=&#8220;24px&#8220; global_colors_info=&#8220;{}&#8220;]<\/p>\n<h1>\u00dcber uns<\/h1>\n<h2>Ein starkes Team.<\/h2>\n<p>[\/et_pb_text][\/et_pb_column][\/et_pb_row][\/et_pb_section][et_pb_section fb_built=&#8220;1&#8243; _builder_version=&#8220;4.9.10&#8243; _module_preset=&#8220;default&#8220; global_colors_info=&#8220;{}&#8220;][et_pb_row column_structure=&#8220;1_2,1_2&#8243; _builder_version=&#8220;4.9.10&#8243; _module_preset=&#8220;default&#8220; global_colors_info=&#8220;{}&#8220;][et_pb_column type=&#8220;1_2&#8243; _builder_version=&#8220;4.9.10&#8243; _module_preset=&#8220;default&#8220; global_colors_info=&#8220;{}&#8220;][et_pb_image src=&#8220;http:\/\/mttfenstertechnik.kinsta.cloud\/wp-content\/uploads\/2022\/02\/7221b87f-47da-4306-9c5c-9dce73052516.jpg&#8220; title_text=&#8220;7221b87f-47da-4306-9c5c-9dce73052516&#8243; _builder_version=&#8220;4.14.5&#8243; _module_preset=&#8220;default&#8220; global_colors_info=&#8220;{}&#8220;][\/et_pb_image][et_pb_text _builder_version=&#8220;4.14.5&#8243; _module_preset=&#8220;default&#8220; text_text_color=&#8220;#000000&#8243; header_3_text_color=&#8220;#000000&#8243; header_3_font_size=&#8220;30px&#8220; global_colors_info=&#8220;{}&#8220;]<\/p>\n<h3 style=\"text-align: right;\">Tatjana Antunovic<\/h3>\n<h4 style=\"text-align: right;\">Gesch\u00e4ftsf\u00fchrung<\/h4>\n<p>[\/et_pb_text][\/et_pb_column][et_pb_column type=&#8220;1_2&#8243; _builder_version=&#8220;4.9.10&#8243; _module_preset=&#8220;default&#8220; global_colors_info=&#8220;{}&#8220;][et_pb_image src=&#8220;http:\/\/mttfenstertechnik.kinsta.cloud\/wp-content\/uploads\/2022\/02\/0b2fdc24-2425-407e-a594-c8fc7800beef.jpg&#8220; title_text=&#8220;0b2fdc24-2425-407e-a594-c8fc7800beef&#8220; _builder_version=&#8220;4.14.5&#8243; _module_preset=&#8220;default&#8220; global_colors_info=&#8220;{}&#8220;][\/et_pb_image][et_pb_text _builder_version=&#8220;4.9.10&#8243; _module_preset=&#8220;default&#8220; text_text_color=&#8220;#000000&#8243; header_3_text_color=&#8220;#000000&#8243; header_3_font_size=&#8220;30px&#8220; global_colors_info=&#8220;{}&#8220;]<\/p>\n<h3>Darko Antunovic<\/h3>\n<h4>Gesch\u00e4ftsf\u00fchrung<\/h4>\n<p>[\/et_pb_text][\/et_pb_column][\/et_pb_row][et_pb_row _builder_version=&#8220;4.14.5&#8243; _module_preset=&#8220;default&#8220; global_colors_info=&#8220;{}&#8220;][et_pb_column type=&#8220;4_4&#8243; _builder_version=&#8220;4.14.5&#8243; _module_preset=&#8220;default&#8220; global_colors_info=&#8220;{}&#8220;][et_pb_text _builder_version=&#8220;4.14.5&#8243; _module_preset=&#8220;default&#8220; text_text_color=&#8220;#000000&#8243; max_width=&#8220;80%&#8220; module_alignment=&#8220;center&#8220; custom_margin=&#8220;-20px||||false|false&#8220; global_colors_info=&#8220;{}&#8220;]<\/p>\n<p style=\"text-align: justify;\">Wir, die Familie Antunovic stehen f\u00fcr Handschlagqualit\u00e4t und langj\u00e4hrige Erfahrung mit der Materie Fenster und T\u00fcren. Tatjana k\u00fcmmert sich um die gesamte Abwicklung und ist ein Organisationstalent. Darko bringt sein Talent als langj\u00e4hriger Verkaufsleiter der Firma Rekord an vorderster Front beim Aufma\u00df und der Montage ein. Zusammen mit unseren bestens ausgebildeten Mitarbeitern bilden Sie ein starkes Team, dem keine Aufgabe zu gro\u00df ist.<\/p>\n<p>[\/et_pb_text][\/et_pb_column][\/et_pb_row][\/et_pb_section][et_pb_section fb_built=&#8220;1&#8243; _builder_version=&#8220;4.14.5&#8243; _module_preset=&#8220;default&#8220; background_image=&#8220;https:\/\/mtt-fenstertechnik.at\/wp-content\/uploads\/2021\/12\/2051969_MTT_Masser-15-scaled.jpg&#8220; parallax=&#8220;on&#8220; min_height=&#8220;270px&#8220; hover_enabled=&#8220;0&#8243; global_colors_info=&#8220;{}&#8220; title_text=&#8220;2051969_MTT_Masser-15&#8243; sticky_enabled=&#8220;0&#8243;][\/et_pb_section][et_pb_section fb_built=&#8220;1&#8243; _builder_version=&#8220;4.14.5&#8243; _module_preset=&#8220;default&#8220; hover_enabled=&#8220;0&#8243; global_colors_info=&#8220;{}&#8220; sticky_enabled=&#8220;0&#8243;][et_pb_row _builder_version=&#8220;4.9.10&#8243; _module_preset=&#8220;default&#8220; global_colors_info=&#8220;{}&#8220;][et_pb_column type=&#8220;4_4&#8243; _builder_version=&#8220;4.9.10&#8243; _module_preset=&#8220;default&#8220; global_colors_info=&#8220;{}&#8220;][et_pb_text _builder_version=&#8220;4.9.10&#8243; _module_preset=&#8220;default&#8220; header_3_text_color=&#8220;#000000&#8243; header_3_font_size=&#8220;32px&#8220; global_colors_info=&#8220;{}&#8220;]<\/p>\n<h3>Unser Montageteam<\/h3>\n<p>[\/et_pb_text][\/et_pb_column][\/et_pb_row][et_pb_row column_structure=&#8220;1_2,1_2&#8243; _builder_version=&#8220;4.9.10&#8243; _module_preset=&#8220;default&#8220; global_colors_info=&#8220;{}&#8220;][et_pb_column type=&#8220;1_2&#8243; _builder_version=&#8220;4.9.10&#8243; _module_preset=&#8220;default&#8220; global_colors_info=&#8220;{}&#8220;][et_pb_image src=&#8220;http:\/\/mttfenstertechnik.kinsta.cloud\/wp-content\/uploads\/2021\/12\/2051969_MTT_Team-3-scaled.jpg&#8220; title_text=&#8220;2051969_MTT_Team-3&#8243; _builder_version=&#8220;4.9.10&#8243; _module_preset=&#8220;default&#8220; global_colors_info=&#8220;{}&#8220;][\/et_pb_image][et_pb_text _builder_version=&#8220;4.14.5&#8243; _module_preset=&#8220;default&#8220; text_text_color=&#8220;#000000&#8243; header_3_text_color=&#8220;#000000&#8243; header_3_font_size=&#8220;30px&#8220; locked=&#8220;off&#8220; global_colors_info=&#8220;{}&#8220;]<\/p>\n<h3 style=\"text-align: right;\">Dragomir Damjanovic<\/h3>\n<h4 style=\"text-align: right;\">Montageleiter<\/h4>\n<p>[\/et_pb_text][\/et_pb_column][et_pb_column type=&#8220;1_2&#8243; _builder_version=&#8220;4.9.10&#8243; _module_preset=&#8220;default&#8220; global_colors_info=&#8220;{}&#8220;][\/et_pb_column][\/et_pb_row][et_pb_row column_structure=&#8220;1_2,1_2&#8243; _builder_version=&#8220;4.9.10&#8243; _module_preset=&#8220;default&#8220; global_colors_info=&#8220;{}&#8220;][et_pb_column type=&#8220;1_2&#8243; _builder_version=&#8220;4.9.10&#8243; _module_preset=&#8220;default&#8220; global_colors_info=&#8220;{}&#8220;][et_pb_image src=&#8220;http:\/\/mttfenstertechnik.kinsta.cloud\/wp-content\/uploads\/2021\/12\/2051969_MTT_Team-6-scaled.jpg&#8220; title_text=&#8220;2051969_MTT_Team-6&#8243; _builder_version=&#8220;4.9.10&#8243; _module_preset=&#8220;default&#8220; global_colors_info=&#8220;{}&#8220;][\/et_pb_image][et_pb_text _builder_version=&#8220;4.14.5&#8243; _module_preset=&#8220;default&#8220; text_text_color=&#8220;#000000&#8243; header_3_text_color=&#8220;#000000&#8243; header_3_font_size=&#8220;30px&#8220; locked=&#8220;off&#8220; global_colors_info=&#8220;{}&#8220;]<\/p>\n<h3 style=\"text-align: right;\">Nicola Angelo Ionel<\/h3>\n<h4 style=\"text-align: right;\">Montage<\/h4>\n<p>[\/et_pb_text][\/et_pb_column][et_pb_column type=&#8220;1_2&#8243; _builder_version=&#8220;4.9.10&#8243; _module_preset=&#8220;default&#8220; global_colors_info=&#8220;{}&#8220;][et_pb_image src=&#8220;http:\/\/mttfenstertechnik.kinsta.cloud\/wp-content\/uploads\/2021\/12\/2051969_MTT_Team-4-scaled.jpg&#8220; title_text=&#8220;2051969_MTT_Team-4&#8243; _builder_version=&#8220;4.9.10&#8243; _module_preset=&#8220;default&#8220; global_colors_info=&#8220;{}&#8220;][\/et_pb_image][et_pb_text _builder_version=&#8220;4.14.5&#8243; _module_preset=&#8220;default&#8220; text_text_color=&#8220;#000000&#8243; header_3_text_color=&#8220;#000000&#8243; header_3_font_size=&#8220;30px&#8220; locked=&#8220;off&#8220; global_colors_info=&#8220;{}&#8220;]<\/p>\n<h3 style=\"text-align: left;\">David Moskovic<\/h3>\n<h4 style=\"text-align: left;\">Montagehelfer<\/h4>\n<p>[\/et_pb_text][\/et_pb_column][\/et_pb_row][\/et_pb_section]<\/p>\n","protected":false},"excerpt":{"rendered":"<p>\u00dcber uns Ein starkes Team.Tatjana Antunovic Gesch\u00e4ftsf\u00fchrungDarko Antunovic Gesch\u00e4ftsf\u00fchrungWir, die Familie Antunovic stehen f\u00fcr Handschlagqualit\u00e4t und langj\u00e4hrige Erfahrung mit der Materie Fenster und T\u00fcren. Tatjana k\u00fcmmert sich um die gesamte Abwicklung und ist ein Organisationstalent. Darko bringt sein Talent als langj\u00e4hriger Verkaufsleiter der Firma Rekord an vorderster Front beim Aufma\u00df und der Montage ein. Zusammen [&hellip;]<\/p>\n","protected":false},"author":1,"featured_media":0,"parent":0,"menu_order":0,"comment_status":"closed","ping_status":"closed","template":"","meta":{"_et_pb_use_builder":"on","_et_pb_old_content":"<!-- wp:divi\/placeholder \/-->","_et_gb_content_width":"","footnotes":""},"class_list":["post-237","page","type-page","status-publish","hentry"],"yoast_head":"<!-- This site is optimized with the Yoast SEO plugin v26.5 - https:\/\/yoast.com\/wordpress\/plugins\/seo\/ -->\n<title>\u00dcber uns - MTT Fenstertechnik<\/title>\n<meta name=\"robots\" content=\"index, follow, max-snippet:-1, max-image-preview:large, max-video-preview:-1\" \/>\n<link rel=\"canonical\" href=\"https:\/\/mtt-fenstertechnik.at\/?page_id=237\" \/>\n<meta property=\"og:locale\" content=\"de_DE\" \/>\n<meta property=\"og:type\" content=\"article\" \/>\n<meta property=\"og:title\" content=\"\u00dcber uns - MTT Fenstertechnik\" \/>\n<meta property=\"og:description\" content=\"\u00dcber uns Ein starkes Team.Tatjana Antunovic Gesch\u00e4ftsf\u00fchrungDarko Antunovic Gesch\u00e4ftsf\u00fchrungWir, die Familie Antunovic stehen f\u00fcr Handschlagqualit\u00e4t und langj\u00e4hrige Erfahrung mit der Materie Fenster und T\u00fcren. Tatjana k\u00fcmmert sich um die gesamte Abwicklung und ist ein Organisationstalent. Darko bringt sein Talent als langj\u00e4hriger Verkaufsleiter der Firma Rekord an vorderster Front beim Aufma\u00df und der Montage ein. Zusammen [&hellip;]\" \/>\n<meta property=\"og:url\" content=\"https:\/\/mtt-fenstertechnik.at\/?page_id=237\" \/>\n<meta property=\"og:site_name\" content=\"MTT Fenstertechnik\" \/>\n<meta property=\"article:modified_time\" content=\"2022-02-16T18:06:56+00:00\" \/>\n<meta name=\"twitter:card\" content=\"summary_large_image\" \/>\n<script type=\"application\/ld+json\" class=\"yoast-schema-graph\">{\"@context\":\"https:\/\/schema.org\",\"@graph\":[{\"@type\":\"WebPage\",\"@id\":\"https:\/\/mtt-fenstertechnik.at\/?page_id=237\",\"url\":\"https:\/\/mtt-fenstertechnik.at\/?page_id=237\",\"name\":\"\u00dcber uns - MTT Fenstertechnik\",\"isPartOf\":{\"@id\":\"https:\/\/mtt-fenstertechnik.at\/#website\"},\"datePublished\":\"2021-12-13T17:09:34+00:00\",\"dateModified\":\"2022-02-16T18:06:56+00:00\",\"breadcrumb\":{\"@id\":\"https:\/\/mtt-fenstertechnik.at\/?page_id=237#breadcrumb\"},\"inLanguage\":\"de\",\"potentialAction\":[{\"@type\":\"ReadAction\",\"target\":[\"https:\/\/mtt-fenstertechnik.at\/?page_id=237\"]}]},{\"@type\":\"BreadcrumbList\",\"@id\":\"https:\/\/mtt-fenstertechnik.at\/?page_id=237#breadcrumb\",\"itemListElement\":[{\"@type\":\"ListItem\",\"position\":1,\"name\":\"Home\",\"item\":\"https:\/\/mtt-fenstertechnik.at\/\"},{\"@type\":\"ListItem\",\"position\":2,\"name\":\"\u00dcber uns\"}]},{\"@type\":\"WebSite\",\"@id\":\"https:\/\/mtt-fenstertechnik.at\/#website\",\"url\":\"https:\/\/mtt-fenstertechnik.at\/\",\"name\":\"MTT Fenstertechnik\",\"description\":\"Ihr Fenster-Partner\",\"potentialAction\":[{\"@type\":\"SearchAction\",\"target\":{\"@type\":\"EntryPoint\",\"urlTemplate\":\"https:\/\/mtt-fenstertechnik.at\/?s={search_term_string}\"},\"query-input\":{\"@type\":\"PropertyValueSpecification\",\"valueRequired\":true,\"valueName\":\"search_term_string\"}}],\"inLanguage\":\"de\"}]}<\/script>\n<!-- \/ Yoast SEO plugin. -->","yoast_head_json":{"title":"\u00dcber uns - MTT Fenstertechnik","robots":{"index":"index","follow":"follow","max-snippet":"max-snippet:-1","max-image-preview":"max-image-preview:large","max-video-preview":"max-video-preview:-1"},"canonical":"https:\/\/mtt-fenstertechnik.at\/?page_id=237","og_locale":"de_DE","og_type":"article","og_title":"\u00dcber uns - MTT Fenstertechnik","og_description":"\u00dcber uns Ein starkes Team.Tatjana Antunovic Gesch\u00e4ftsf\u00fchrungDarko Antunovic Gesch\u00e4ftsf\u00fchrungWir, die Familie Antunovic stehen f\u00fcr Handschlagqualit\u00e4t und langj\u00e4hrige Erfahrung mit der Materie Fenster und T\u00fcren. Tatjana k\u00fcmmert sich um die gesamte Abwicklung und ist ein Organisationstalent. Darko bringt sein Talent als langj\u00e4hriger Verkaufsleiter der Firma Rekord an vorderster Front beim Aufma\u00df und der Montage ein. Zusammen [&hellip;]","og_url":"https:\/\/mtt-fenstertechnik.at\/?page_id=237","og_site_name":"MTT Fenstertechnik","article_modified_time":"2022-02-16T18:06:56+00:00","twitter_card":"summary_large_image","schema":{"@context":"https:\/\/schema.org","@graph":[{"@type":"WebPage","@id":"https:\/\/mtt-fenstertechnik.at\/?page_id=237","url":"https:\/\/mtt-fenstertechnik.at\/?page_id=237","name":"\u00dcber uns - MTT Fenstertechnik","isPartOf":{"@id":"https:\/\/mtt-fenstertechnik.at\/#website"},"datePublished":"2021-12-13T17:09:34+00:00","dateModified":"2022-02-16T18:06:56+00:00","breadcrumb":{"@id":"https:\/\/mtt-fenstertechnik.at\/?page_id=237#breadcrumb"},"inLanguage":"de","potentialAction":[{"@type":"ReadAction","target":["https:\/\/mtt-fenstertechnik.at\/?page_id=237"]}]},{"@type":"BreadcrumbList","@id":"https:\/\/mtt-fenstertechnik.at\/?page_id=237#breadcrumb","itemListElement":[{"@type":"ListItem","position":1,"name":"Home","item":"https:\/\/mtt-fenstertechnik.at\/"},{"@type":"ListItem","position":2,"name":"\u00dcber uns"}]},{"@type":"WebSite","@id":"https:\/\/mtt-fenstertechnik.at\/#website","url":"https:\/\/mtt-fenstertechnik.at\/","name":"MTT Fenstertechnik","description":"Ihr Fenster-Partner","potentialAction":[{"@type":"SearchAction","target":{"@type":"EntryPoint","urlTemplate":"https:\/\/mtt-fenstertechnik.at\/?s={search_term_string}"},"query-input":{"@type":"PropertyValueSpecification","valueRequired":true,"valueName":"search_term_string"}}],"inLanguage":"de"}]}},"_links":{"self":[{"href":"https:\/\/mtt-fenstertechnik.at\/index.php?rest_route=\/wp\/v2\/pages\/237","targetHints":{"allow":["GET"]}}],"collection":[{"href":"https:\/\/mtt-fenstertechnik.at\/index.php?rest_route=\/wp\/v2\/pages"}],"about":[{"href":"https:\/\/mtt-fenstertechnik.at\/index.php?rest_route=\/wp\/v2\/types\/page"}],"author":[{"embeddable":true,"href":"https:\/\/mtt-fenstertechnik.at\/index.php?rest_route=\/wp\/v2\/users\/1"}],"replies":[{"embeddable":true,"href":"https:\/\/mtt-fenstertechnik.at\/index.php?rest_route=%2Fwp%2Fv2%2Fcomments&post=237"}],"version-history":[{"count":12,"href":"https:\/\/mtt-fenstertechnik.at\/index.php?rest_route=\/wp\/v2\/pages\/237\/revisions"}],"predecessor-version":[{"id":493,"href":"https:\/\/mtt-fenstertechnik.at\/index.php?rest_route=\/wp\/v2\/pages\/237\/revisions\/493"}],"wp:attachment":[{"href":"https:\/\/mtt-fenstertechnik.at\/index.php?rest_route=%2Fwp%2Fv2%2Fmedia&parent=237"}],"curies":[{"name":"wp","href":"https:\/\/api.w.org\/{rel}","templated":true}]}}