{"id":191,"date":"2021-12-10T13:37:02","date_gmt":"2021-12-10T13:37:02","guid":{"rendered":"http:\/\/mttfenstertechnik.kinsta.cloud\/?page_id=191"},"modified":"2022-01-13T18:48:18","modified_gmt":"2022-01-13T18:48:18","slug":"haustueren","status":"publish","type":"page","link":"https:\/\/mtt-fenstertechnik.at\/?page_id=191","title":{"rendered":"Haust\u00fcren"},"content":{"rendered":"<p>[et_pb_section fb_built=&#8220;1&#8243; _builder_version=&#8220;4.9.10&#8243; _module_preset=&#8220;default&#8220; background_image=&#8220;http:\/\/mttfenstertechnik.kinsta.cloud\/wp-content\/uploads\/2021\/08\/haustueren-slider.jpg&#8220; global_colors_info=&#8220;{}&#8220;][et_pb_row _builder_version=&#8220;4.9.10&#8243; _module_preset=&#8220;default&#8220; global_colors_info=&#8220;{}&#8220;][et_pb_column type=&#8220;4_4&#8243; _builder_version=&#8220;4.9.10&#8243; _module_preset=&#8220;default&#8220; global_colors_info=&#8220;{}&#8220;][et_pb_text _builder_version=&#8220;4.9.10&#8243; _module_preset=&#8220;default&#8220; header_font_size=&#8220;59px&#8220; header_2_text_color=&#8220;#000000&#8243; header_2_font_size=&#8220;24px&#8220; global_colors_info=&#8220;{}&#8220;]<\/p>\n<h1>Haust\u00fcren<\/h1>\n<h2>Ihr Tor zur Welt.<\/h2>\n<p>&nbsp;<\/p>\n<p>[\/et_pb_text][\/et_pb_column][\/et_pb_row][\/et_pb_section][et_pb_section fb_built=&#8220;1&#8243; _builder_version=&#8220;4.9.10&#8243; _module_preset=&#8220;default&#8220; global_colors_info=&#8220;{}&#8220;][et_pb_row _builder_version=&#8220;4.9.10&#8243; _module_preset=&#8220;default&#8220; global_colors_info=&#8220;{}&#8220;][et_pb_column type=&#8220;4_4&#8243; _builder_version=&#8220;4.9.10&#8243; _module_preset=&#8220;default&#8220; global_colors_info=&#8220;{}&#8220;][et_pb_text _builder_version=&#8220;4.9.10&#8243; _module_preset=&#8220;default&#8220; text_text_color=&#8220;#000000&#8243; header_2_text_color=&#8220;#000000&#8243; text_orientation=&#8220;center&#8220; max_width=&#8220;80%&#8220; module_alignment=&#8220;center&#8220; global_colors_info=&#8220;{}&#8220;]<\/p>\n<h2 style=\"text-align: justify;\">Eine T\u00fcr f\u00fcr die Ewigkeit.<\/h2>\n<p style=\"text-align: justify;\">Unsere Haust\u00fcren in den Varianten Alu oder Holz-Alu \u00a0gl\u00e4nzen durch ihre wertige \u00a0Verarbeitung und die Vielzahl an technischen M\u00f6glichkeiten. Entdecken Sie die riesige Bandbreite an verschiedenen Design- und Farbm\u00f6glichkeiten oder lassen Sie sich bei einem unverbindlichen Termin in einem unserer Schaur\u00e4ume beraten.<\/p>\n<p>[\/et_pb_text][\/et_pb_column][\/et_pb_row][et_pb_row column_structure=&#8220;1_2,1_2&#8243; _builder_version=&#8220;4.9.10&#8243; _module_preset=&#8220;default&#8220; global_colors_info=&#8220;{}&#8220;][et_pb_column type=&#8220;1_2&#8243; _builder_version=&#8220;4.9.10&#8243; _module_preset=&#8220;default&#8220; global_colors_info=&#8220;{}&#8220;][et_pb_image src=&#8220;http:\/\/mttfenstertechnik.kinsta.cloud\/wp-content\/uploads\/2021\/12\/alu_ht.png&#8220; title_text=&#8220;alu_ht&#8220; _builder_version=&#8220;4.9.10&#8243; _module_preset=&#8220;default&#8220; max_width=&#8220;50%&#8220; module_alignment=&#8220;center&#8220; global_colors_info=&#8220;{}&#8220;][\/et_pb_image][et_pb_text _builder_version=&#8220;4.9.10&#8243; _module_preset=&#8220;default&#8220; text_text_color=&#8220;#000000&#8243; header_3_text_color=&#8220;#000000&#8243; global_colors_info=&#8220;{}&#8220;]<\/p>\n<h3 style=\"text-align: center;\">Aluminium Haust\u00fcren<\/h3>\n<p>Die Aluminium-Haust\u00fcr ist der Klassiker, wenn es um eine solide Haust\u00fcr zum fairen Preis und mit guten D\u00e4mmeigenschaften geht. Sie ist in verschiedensten Designs erh\u00e4ltlich und kann nach Ihren W\u00fcnschen veredelt werden.<\/p>\n<p><strong>Vorteile:<\/strong><\/p>\n<ul>\n<li style=\"list-style-type: none;\">\n<ul>\n<li style=\"list-style-type: none;\">\n<ul>\n<li>Verschiedene Bautiefen und Ausf\u00fchrungen<\/li>\n<li>Fl\u00e4chenb\u00fcndiges oder fl\u00e4chenversetztes Design<\/li>\n<li>Sehr gute D\u00e4mmung<\/li>\n<li>Sehr hohes Sicherheitslevel<\/li>\n<li>Zusatzaustattung verf\u00fcgbar<\/li>\n<\/ul>\n<\/li>\n<\/ul>\n<\/li>\n<\/ul>\n<p>[\/et_pb_text][\/et_pb_column][et_pb_column type=&#8220;1_2&#8243; _builder_version=&#8220;4.9.10&#8243; _module_preset=&#8220;default&#8220; global_colors_info=&#8220;{}&#8220;][et_pb_image src=&#8220;http:\/\/mttfenstertechnik.kinsta.cloud\/wp-content\/uploads\/2021\/12\/holz-alu-ht.png&#8220; title_text=&#8220;holz-alu-ht&#8220; _builder_version=&#8220;4.9.10&#8243; _module_preset=&#8220;default&#8220; max_width=&#8220;51%&#8220; module_alignment=&#8220;center&#8220; global_colors_info=&#8220;{}&#8220;][\/et_pb_image][et_pb_text _builder_version=&#8220;4.9.10&#8243; _module_preset=&#8220;default&#8220; text_text_color=&#8220;#000000&#8243; header_3_text_color=&#8220;#000000&#8243; global_colors_info=&#8220;{}&#8220;]<\/p>\n<h3 style=\"text-align: center;\">Holz-Alu Haust\u00fcren<\/h3>\n<p>\u00a0Die Holz-Alu Haust\u00fcr bringt Ihnen den nat\u00fcrlichen Charme von Holz auch an ihre Eingangst\u00fcr. Wie auch bei den Fenstern werden hier nur heimische H\u00f6lzer verwendet und auf der Au\u00dfenseite mit einer edlen Aluminium-Oberfl\u00e4che veredelt.<\/p>\n<p><strong>Vorteile:<\/strong><\/p>\n<ul>\n<li style=\"list-style-type: none;\">\n<ul>\n<li style=\"list-style-type: none;\">\n<ul>\n<li>Fichte und L\u00e4rche zur Auswahl<\/li>\n<li>Hochwetterfeste Oberfl\u00e4che<\/li>\n<li>Herausragende D\u00e4mmwerte<\/li>\n<li>Unvergleichliches Wohngef\u00fchl und Wertigkeit<\/li>\n<\/ul>\n<\/li>\n<\/ul>\n<\/li>\n<\/ul>\n<p>[\/et_pb_text][\/et_pb_column][\/et_pb_row][\/et_pb_section][et_pb_section fb_built=&#8220;1&#8243; _builder_version=&#8220;4.14.5&#8243; _module_preset=&#8220;default&#8220; background_image=&#8220;http:\/\/mttfenstertechnik.kinsta.cloud\/wp-content\/uploads\/2022\/01\/shutterstock_1937413945-scaled.jpg&#8220; global_colors_info=&#8220;{}&#8220;][et_pb_row _builder_version=&#8220;4.14.5&#8243; _module_preset=&#8220;default&#8220; locked=&#8220;off&#8220; global_colors_info=&#8220;{}&#8220;][et_pb_column type=&#8220;4_4&#8243; _builder_version=&#8220;4.9.10&#8243; _module_preset=&#8220;default&#8220; global_colors_info=&#8220;{}&#8220;][et_pb_text _builder_version=&#8220;4.14.5&#8243; _module_preset=&#8220;default&#8220; header_text_color=&#8220;#FFFFFF&#8220; header_font_size=&#8220;59px&#8220; header_2_font_size=&#8220;51px&#8220; header_3_font_size=&#8220;27px&#8220; global_colors_info=&#8220;{}&#8220;]<\/p>\n<h2>100% made in Austria<\/h2>\n<h3>Eine T\u00fcr wie wir.<\/h3>\n<p>&nbsp;<\/p>\n<p>[\/et_pb_text][\/et_pb_column][\/et_pb_row][\/et_pb_section][et_pb_section fb_built=&#8220;1&#8243; _builder_version=&#8220;4.14.5&#8243; _module_preset=&#8220;default&#8220; global_colors_info=&#8220;{}&#8220;][et_pb_row _builder_version=&#8220;4.14.5&#8243; _module_preset=&#8220;default&#8220; global_colors_info=&#8220;{}&#8220;][et_pb_column type=&#8220;4_4&#8243; _builder_version=&#8220;4.14.5&#8243; _module_preset=&#8220;default&#8220; global_colors_info=&#8220;{}&#8220;][et_pb_text _builder_version=&#8220;4.14.5&#8243; _module_preset=&#8220;default&#8220; text_text_color=&#8220;#000000&#8243; header_3_text_color=&#8220;#000000&#8243; header_3_font_size=&#8220;27px&#8220; global_colors_info=&#8220;{}&#8220;]<\/p>\n<h3>Standardsortiment<\/h3>\n<p>Wie auch unsere Fenster werden unsere Haust\u00fcren zu 100% in \u00d6sterreich gefertigt und stehen auch mit ihren St\u00e4dtenamen der sch\u00f6nsten St\u00e4dte \u00d6sterreichs, f\u00fcr eine eben so sch\u00f6ne Auswahl an zeitgem\u00e4\u00dfen Designs f\u00fcr jeden Stil und jedes Haus. Lassen Sie sich von der schier unglaublichen \u00a0Vielfalt und Qualit\u00e4t unserer Haust\u00fcren \u00fcberzeugen.<\/p>\n<p>[\/et_pb_text][et_pb_gallery gallery_ids=&#8220;302,303,304,305,306,310,311,312&#8243; gallery_orderby=&#8220;rand&#8220; posts_number=&#8220;8&#8243; orientation=&#8220;portrait&#8220; show_pagination=&#8220;off&#8220; _builder_version=&#8220;4.14.5&#8243; _module_preset=&#8220;default&#8220; global_colors_info=&#8220;{}&#8220;][\/et_pb_gallery][et_pb_text _builder_version=&#8220;4.14.5&#8243; _module_preset=&#8220;default&#8220; text_text_color=&#8220;#000000&#8243; header_3_font=&#8220;||||||||&#8220; header_3_text_color=&#8220;#000000&#8243; header_3_font_size=&#8220;27px&#8220; global_colors_info=&#8220;{}&#8220;]<\/p>\n<h3 style=\"text-align: center;\">Special Editions<\/h3>\n<p style=\"text-align: center;\">Darf es etwas ausgefallener sein?<\/p>\n<p>[\/et_pb_text][\/et_pb_column][\/et_pb_row][et_pb_row column_structure=&#8220;1_2,1_2&#8243; _builder_version=&#8220;4.14.5&#8243; _module_preset=&#8220;default&#8220; global_colors_info=&#8220;{}&#8220;][et_pb_column type=&#8220;1_2&#8243; _builder_version=&#8220;4.14.5&#8243; _module_preset=&#8220;default&#8220; global_colors_info=&#8220;{}&#8220;][et_pb_image src=&#8220;http:\/\/mttfenstertechnik.kinsta.cloud\/wp-content\/uploads\/2022\/01\/Modell-Barrique-Oak.webp&#8220; title_text=&#8220;Modell Barrique Oak&#8220; _builder_version=&#8220;4.14.5&#8243; _module_preset=&#8220;default&#8220; max_width=&#8220;35%&#8220; module_alignment=&#8220;center&#8220; global_colors_info=&#8220;{}&#8220;][\/et_pb_image][\/et_pb_column][et_pb_column type=&#8220;1_2&#8243; _builder_version=&#8220;4.14.5&#8243; _module_preset=&#8220;default&#8220; global_colors_info=&#8220;{}&#8220;][et_pb_image src=&#8220;http:\/\/mttfenstertechnik.kinsta.cloud\/wp-content\/uploads\/2022\/01\/Modell-Royal-Desing.webp&#8220; title_text=&#8220;Modell Royal Desing&#8220; align=&#8220;center&#8220; _builder_version=&#8220;4.14.5&#8243; _module_preset=&#8220;default&#8220; max_width=&#8220;51%&#8220; module_alignment=&#8220;center&#8220; locked=&#8220;off&#8220; global_colors_info=&#8220;{}&#8220;][\/et_pb_image][\/et_pb_column][\/et_pb_row][et_pb_row _builder_version=&#8220;4.14.5&#8243; _module_preset=&#8220;default&#8220;][et_pb_column _builder_version=&#8220;4.14.5&#8243; _module_preset=&#8220;default&#8220; type=&#8220;4_4&#8243;][et_pb_text _builder_version=&#8220;4.14.5&#8243; _module_preset=&#8220;default&#8220; text_text_color=&#8220;#000000&#8243; header_3_font=&#8220;||||||||&#8220; header_3_text_color=&#8220;#000000&#8243; header_3_font_size=&#8220;27px&#8220; hover_enabled=&#8220;0&#8243; global_colors_info=&#8220;{}&#8220; locked=&#8220;off&#8220; sticky_enabled=&#8220;0&#8243;]<\/p>\n<h3 style=\"text-align: center;\">Nicht f\u00fcndig geworden?<\/h3>\n<p style=\"text-align: center;\">Hier haben wir noch mehr Modelle.<\/p>\n<p>[\/et_pb_text][et_pb_button button_text=&#8220;Haust\u00fcren&#8220; _builder_version=&#8220;4.14.5&#8243; _module_preset=&#8220;default&#8220; button_alignment=&#8220;center&#8220; button_url=&#8220;https:\/\/www.rekord-fenster.com\/haustueren\/&#8220; url_new_window=&#8220;on&#8220; hover_enabled=&#8220;0&#8243; sticky_enabled=&#8220;0&#8243;][\/et_pb_button][\/et_pb_column][\/et_pb_row][\/et_pb_section]<\/p>\n","protected":false},"excerpt":{"rendered":"<p>Haust\u00fcren Ihr Tor zur Welt. &nbsp;Eine T\u00fcr f\u00fcr die Ewigkeit. Unsere Haust\u00fcren in den Varianten Alu oder Holz-Alu \u00a0gl\u00e4nzen durch ihre wertige \u00a0Verarbeitung und die Vielzahl an technischen M\u00f6glichkeiten. Entdecken Sie die riesige Bandbreite an verschiedenen Design- und Farbm\u00f6glichkeiten oder lassen Sie sich bei einem unverbindlichen Termin in einem unserer Schaur\u00e4ume beraten.Aluminium Haust\u00fcren Die Aluminium-Haust\u00fcr [&hellip;]<\/p>\n","protected":false},"author":1,"featured_media":0,"parent":0,"menu_order":0,"comment_status":"closed","ping_status":"closed","template":"","meta":{"_et_pb_use_builder":"on","_et_pb_old_content":"","_et_gb_content_width":"","footnotes":""},"class_list":["post-191","page","type-page","status-publish","hentry"],"yoast_head":"<!-- This site is optimized with the Yoast SEO plugin v26.5 - https:\/\/yoast.com\/wordpress\/plugins\/seo\/ -->\n<title>Haust\u00fcren - MTT Fenstertechnik<\/title>\n<meta name=\"robots\" content=\"index, follow, max-snippet:-1, max-image-preview:large, max-video-preview:-1\" \/>\n<link rel=\"canonical\" href=\"https:\/\/mtt-fenstertechnik.at\/?page_id=191\" \/>\n<meta property=\"og:locale\" content=\"de_DE\" \/>\n<meta property=\"og:type\" content=\"article\" \/>\n<meta property=\"og:title\" content=\"Haust\u00fcren - MTT Fenstertechnik\" \/>\n<meta property=\"og:description\" content=\"Haust\u00fcren Ihr Tor zur Welt. &nbsp;Eine T\u00fcr f\u00fcr die Ewigkeit. Unsere Haust\u00fcren in den Varianten Alu oder Holz-Alu \u00a0gl\u00e4nzen durch ihre wertige \u00a0Verarbeitung und die Vielzahl an technischen M\u00f6glichkeiten. Entdecken Sie die riesige Bandbreite an verschiedenen Design- und Farbm\u00f6glichkeiten oder lassen Sie sich bei einem unverbindlichen Termin in einem unserer Schaur\u00e4ume beraten.Aluminium Haust\u00fcren Die Aluminium-Haust\u00fcr [&hellip;]\" \/>\n<meta property=\"og:url\" content=\"https:\/\/mtt-fenstertechnik.at\/?page_id=191\" \/>\n<meta property=\"og:site_name\" content=\"MTT Fenstertechnik\" \/>\n<meta property=\"article:modified_time\" content=\"2022-01-13T18:48:18+00:00\" \/>\n<meta name=\"twitter:card\" content=\"summary_large_image\" \/>\n<script type=\"application\/ld+json\" class=\"yoast-schema-graph\">{\"@context\":\"https:\/\/schema.org\",\"@graph\":[{\"@type\":\"WebPage\",\"@id\":\"https:\/\/mtt-fenstertechnik.at\/?page_id=191\",\"url\":\"https:\/\/mtt-fenstertechnik.at\/?page_id=191\",\"name\":\"Haust\u00fcren - MTT Fenstertechnik\",\"isPartOf\":{\"@id\":\"https:\/\/mtt-fenstertechnik.at\/#website\"},\"datePublished\":\"2021-12-10T13:37:02+00:00\",\"dateModified\":\"2022-01-13T18:48:18+00:00\",\"breadcrumb\":{\"@id\":\"https:\/\/mtt-fenstertechnik.at\/?page_id=191#breadcrumb\"},\"inLanguage\":\"de\",\"potentialAction\":[{\"@type\":\"ReadAction\",\"target\":[\"https:\/\/mtt-fenstertechnik.at\/?page_id=191\"]}]},{\"@type\":\"BreadcrumbList\",\"@id\":\"https:\/\/mtt-fenstertechnik.at\/?page_id=191#breadcrumb\",\"itemListElement\":[{\"@type\":\"ListItem\",\"position\":1,\"name\":\"Home\",\"item\":\"https:\/\/mtt-fenstertechnik.at\/\"},{\"@type\":\"ListItem\",\"position\":2,\"name\":\"Haust\u00fcren\"}]},{\"@type\":\"WebSite\",\"@id\":\"https:\/\/mtt-fenstertechnik.at\/#website\",\"url\":\"https:\/\/mtt-fenstertechnik.at\/\",\"name\":\"MTT Fenstertechnik\",\"description\":\"Ihr Fenster-Partner\",\"potentialAction\":[{\"@type\":\"SearchAction\",\"target\":{\"@type\":\"EntryPoint\",\"urlTemplate\":\"https:\/\/mtt-fenstertechnik.at\/?s={search_term_string}\"},\"query-input\":{\"@type\":\"PropertyValueSpecification\",\"valueRequired\":true,\"valueName\":\"search_term_string\"}}],\"inLanguage\":\"de\"}]}<\/script>\n<!-- \/ Yoast SEO plugin. -->","yoast_head_json":{"title":"Haust\u00fcren - MTT Fenstertechnik","robots":{"index":"index","follow":"follow","max-snippet":"max-snippet:-1","max-image-preview":"max-image-preview:large","max-video-preview":"max-video-preview:-1"},"canonical":"https:\/\/mtt-fenstertechnik.at\/?page_id=191","og_locale":"de_DE","og_type":"article","og_title":"Haust\u00fcren - MTT Fenstertechnik","og_description":"Haust\u00fcren Ihr Tor zur Welt. &nbsp;Eine T\u00fcr f\u00fcr die Ewigkeit. Unsere Haust\u00fcren in den Varianten Alu oder Holz-Alu \u00a0gl\u00e4nzen durch ihre wertige \u00a0Verarbeitung und die Vielzahl an technischen M\u00f6glichkeiten. Entdecken Sie die riesige Bandbreite an verschiedenen Design- und Farbm\u00f6glichkeiten oder lassen Sie sich bei einem unverbindlichen Termin in einem unserer Schaur\u00e4ume beraten.Aluminium Haust\u00fcren Die Aluminium-Haust\u00fcr [&hellip;]","og_url":"https:\/\/mtt-fenstertechnik.at\/?page_id=191","og_site_name":"MTT Fenstertechnik","article_modified_time":"2022-01-13T18:48:18+00:00","twitter_card":"summary_large_image","schema":{"@context":"https:\/\/schema.org","@graph":[{"@type":"WebPage","@id":"https:\/\/mtt-fenstertechnik.at\/?page_id=191","url":"https:\/\/mtt-fenstertechnik.at\/?page_id=191","name":"Haust\u00fcren - MTT Fenstertechnik","isPartOf":{"@id":"https:\/\/mtt-fenstertechnik.at\/#website"},"datePublished":"2021-12-10T13:37:02+00:00","dateModified":"2022-01-13T18:48:18+00:00","breadcrumb":{"@id":"https:\/\/mtt-fenstertechnik.at\/?page_id=191#breadcrumb"},"inLanguage":"de","potentialAction":[{"@type":"ReadAction","target":["https:\/\/mtt-fenstertechnik.at\/?page_id=191"]}]},{"@type":"BreadcrumbList","@id":"https:\/\/mtt-fenstertechnik.at\/?page_id=191#breadcrumb","itemListElement":[{"@type":"ListItem","position":1,"name":"Home","item":"https:\/\/mtt-fenstertechnik.at\/"},{"@type":"ListItem","position":2,"name":"Haust\u00fcren"}]},{"@type":"WebSite","@id":"https:\/\/mtt-fenstertechnik.at\/#website","url":"https:\/\/mtt-fenstertechnik.at\/","name":"MTT Fenstertechnik","description":"Ihr Fenster-Partner","potentialAction":[{"@type":"SearchAction","target":{"@type":"EntryPoint","urlTemplate":"https:\/\/mtt-fenstertechnik.at\/?s={search_term_string}"},"query-input":{"@type":"PropertyValueSpecification","valueRequired":true,"valueName":"search_term_string"}}],"inLanguage":"de"}]}},"_links":{"self":[{"href":"https:\/\/mtt-fenstertechnik.at\/index.php?rest_route=\/wp\/v2\/pages\/191","targetHints":{"allow":["GET"]}}],"collection":[{"href":"https:\/\/mtt-fenstertechnik.at\/index.php?rest_route=\/wp\/v2\/pages"}],"about":[{"href":"https:\/\/mtt-fenstertechnik.at\/index.php?rest_route=\/wp\/v2\/types\/page"}],"author":[{"embeddable":true,"href":"https:\/\/mtt-fenstertechnik.at\/index.php?rest_route=\/wp\/v2\/users\/1"}],"replies":[{"embeddable":true,"href":"https:\/\/mtt-fenstertechnik.at\/index.php?rest_route=%2Fwp%2Fv2%2Fcomments&post=191"}],"version-history":[{"count":14,"href":"https:\/\/mtt-fenstertechnik.at\/index.php?rest_route=\/wp\/v2\/pages\/191\/revisions"}],"predecessor-version":[{"id":461,"href":"https:\/\/mtt-fenstertechnik.at\/index.php?rest_route=\/wp\/v2\/pages\/191\/revisions\/461"}],"wp:attachment":[{"href":"https:\/\/mtt-fenstertechnik.at\/index.php?rest_route=%2Fwp%2Fv2%2Fmedia&parent=191"}],"curies":[{"name":"wp","href":"https:\/\/api.w.org\/{rel}","templated":true}]}}